 factor of 2361 and 21.
3
Calculate the greatest common divisor of 282 and 4.
2
Calculate the greatest common divisor of 99 and 81.
9
What is the greatest common factor of 864 and 32?
32
What is the greatest common divisor of 2025 and 75?
75
What is the greatest common factor of 231 and 42?
21
Calculate the highest common factor of 5236 and 56.
28
Calculate the greatest common factor of 91 and 2457.
91
What is the greatest common divisor of 48 and 264?
24
What is the greatest common divisor of 24 and 16?
8
Calculate the highest common factor of 25 and 8230.
5
Calculate the highest common divisor of 189 and 297.
27
Calculate the highest common factor of 5750 and 460.
230
What is the greatest common factor of 80 and 85520?
80
Calculate the highest common divisor of 4 and 13036.
4
What is the highest common factor of 6 and 123?
3
Calculate the highest common divisor of 1377 and 17.
17
Calculate the highest common divisor of 1143 and 18.
9
Calculate the greatest common factor of 210 and 1610.
70
What is the highest common divisor of 8862 and 42?
42
Calculate the highest common divisor of 1818 and 18.
18
What is the highest common divisor of 55440 and 42?
42
Calculate the highest common divisor of 12 and 1434.
6
Calculate the highest common factor of 5 and 55.
5
Calculate the greatest common divisor of 10258 and 276.
46
Calculate the greatest common divisor of 13 and 1963.
13
What is the highest common factor of 19149 and 156?
39
What is the highest common factor of 810 and 18?
18
What is the greatest common factor of 274 and 24523?
137
Calculate the highest common divisor of 8 and 3724.
4
Calculate the highest common factor of 24 and 60.
12
What is the highest common factor of 2257 and 61?
61
What is the highest common factor of 434 and 112?
14
What is the highest common factor of 1106 and 14?
14
What is the greatest common factor of 115 and 5244?
23
Calculate the highest common factor of 39 and 481.
13
What is the greatest common factor of 334 and 50?
2
What is the highest common factor of 132 and 36?
12
What is the greatest common divisor of 11 and 3487?
11
What is the highest common divisor of 42 and 168?
42
What is the greatest common factor of 42 and 336?
42
What is the highest common divisor of 423 and 1457?
47
Calculate the highest common divisor of 126 and 414.
18
What is the highest common factor of 3 and 75?
3
Calculate the greatest common divisor of 27 and 39.
3
Calculate the greatest common divisor of 55 and 297.
11
What is the greatest common factor of 210 and 23240?
70
Calculate the greatest common divisor of 12 and 228.
12
Calculate the highest common divisor of 6 and 918.
6
Calculate the greatest common factor of 23 and 575.
23
What is the greatest common factor of 32 and 72?
8
Calculate the greatest common divisor of 5286 and 6.
6
Calculate the highest common factor of 1573 and 2288.
143
Calculate the greatest common factor of 2299 and 133.
19
Calculate the highest common factor of 70 and 40.
10
Calculate the highest common factor of 220 and 616.
44
What is the greatest common divisor of 945 and 1701?
189
What is the highest common divisor of 8259 and 3?
3
Calculate the greatest common divisor of 301 and 91.
7
What is the highest common factor of 234 and 414?
18
Calculate the greatest common divisor of 525 and 150.
75
What is the greatest common factor of 6272 and 588?
196
Calculate the highest common factor of 434 and 224.
14
Calculate the highest common divisor of 8136 and 54.
18
What is the greatest common factor of 696 and 312?
24
Calculate the greatest common factor of 81 and 108.
27
Calculate the highest common factor of 286 and 39.
13
Calculate the greatest common divisor of 10 and 162.
2
What is the highest common factor of 54 and 15?
3
What is the highest common factor of 2090 and 1710?
190
What is the highest common divisor of 780 and 1092?
156
What is the highest common divisor of 1007 and 19?
19
Calculate the highest common factor of 75 and 285.
15
Calculate the highest common divisor of 130 and 90.
10
What is the greatest common divisor of 36 and 8?
4
Calculate the highest common factor of 98 and 13258.
14
Calculate the highest common factor of 4 and 12.
4
What is the greatest common factor of 462 and 126?
42
Calculate the highest common factor of 6181 and 14.
7
Calculate the greatest common divisor of 6162 and 78.
78
Calculate the highest common factor of 70 and 210.
70
What is the greatest common divisor of 9 and 129?
3
What is the greatest common divisor of 456 and 171?
57
What is the greatest common factor of 1240 and 80?
40
Calculate the highest common divisor of 486 and 24.
6
What is the highest common divisor of 106 and 2014?
106
What is the highest common divisor of 3 and 3?
3
Calculate the greatest common divisor of 85 and 13770.
85
What is the greatest common factor of 27 and 1473?
3
What is the greatest common divisor of 225 and 125?
25
What is the highest common divisor of 54 and 166?
2
What is the greatest common divisor of 57 and 133?
19
Calculate the highest common factor of 36 and 81.
9
Calculate the highest common factor of 16769 and 82.
41
Calculate the greatest common divisor of 357 and 126.
21
What is the highest common divisor of 93 and 12338?
31
What is the highest common factor of 126 and 28?
14
Calculate the greatest common divisor of 15 and 77.
1
What is the highest common factor of 12514 and 2?
2
What is the highest common divisor of 4 and 10?
2
What is the highest common factor of 602 and 14?
14
What is the highest common divisor of 204 and 748?
68
What is the greatest common factor of 1886 and 164?
82
What is the greatest common divisor of 54 and 30?
6
Calculate the highest common factor of 3081 and 39.
39
What is the greatest common divisor of 24 and 2868?
12
What is the greatest common factor of 460 and 6670?
230
Calculate the greatest common divisor of 2 and 23.
1
Calculate the highest common divisor of 5610 and 880.
110
Calculate the greatest common divisor of 10270 and 237.
79
Calculate the greatest common factor of 3103 and 107.
107
Calculate the greatest common factor of 115 and 1242.
23
Calculate the highest common divisor of 3 and 39.
3
What is the greatest common factor of 2664 and 198?
18
What is the greatest common factor of 1541 and 23?
23
Calculate the greatest common divisor of 2166 and 114.
114
Calculate the greatest common divisor of 40 and 40.
40
Calculate the highest common factor of 130 and 338.
26
What is the greatest common divisor of 5239 and 93?
31
What is the greatest common divisor of 16371 and 1071?
153
Calculate the greatest common divisor of 147 and 3381.
147
What is the highest common divisor of 28 and 12?
4
What is the greatest common factor of 208 and 144?
16
Calculate the greatest common factor of 26 and 845.
13
What is the highest common factor of 406 and 87?
29
What is the highest common divisor of 3 and 9?
3
Calculate the highest common divisor of 2920 and 40.
40
What is the highest common factor of 24 and 8244?
12
What is the greatest common factor of 28 and 315?
7
Calculate the greatest common divisor of 187 and 55.
11
What is the highest common factor of 19 and 513?
19
What is the greatest common factor of 333 and 243?
9
What is the greatest common factor of 120 and 260?
20
Calculate the greatest common factor of 648 and 594.
54
What is the greatest common factor of 39 and 29055?
39
What is the highest common divisor of 2618 and 2926?
154
Calculate the greatest common divisor of 126 and 3339.
63
What is the greatest common divisor of 405 and 5184?
81
What is the highest common divisor of 10857 and 924?
231
What is the greatest common factor of 75 and 6?
3
Calculate the highest common divisor of 7055 and 680.
85
What is the highest common divisor of 1246 and 534?
178
What is the greatest common divisor of 8 and 56?
8
Calculate the greatest common factor of 24 and 19944.
24
Calculate the greatest common divisor of 54 and 594.
54
What is the highest common divisor of 2151 and 81?
9
What is the highest common factor of 32 and 26336?
32
What is the highest common divisor of 55 and 3?
1
What is the greatest common factor of 14630 and 35?
35
Calculate the greatest common factor of 779 and 19.
19
What is the highest common divisor of 75 and 5?
5
Calculate